 + q**2 - 3*q. Let x be t(-2). What is the highest common factor of x and g?
2
Let n be -1*(0 + (-2 - 25)). Let t = n - 13. Let h = -4 + t. What is the greatest common factor of h and 4?
2
Suppose 3*l = 3*r + 82 - 7, -2*r - 110 = -5*l. Let t = l - 15. What is the greatest common divisor of 5 and t?
5
Let r = -6 + 4. Let v = r - -7. What is the highest common divisor of v and 10?
5
Let h be (27/(-6))/(6/(-56)). Suppose 4*t = -3*v + 37, -4*t + v = 3*v - h. What is the highest common divisor of t and 91?
13
Let o be 4 + (-398 + 2 - 3). Let i = 579 + o. Calculate the greatest common divisor of 23 and i.
23
Let f(b) = 17*b + 9. Let a be f(4). Calculate the highest common factor of a and 7.
7
Suppose 0 = -6*v + 18 + 120. Calculate the greatest common factor of v and 46.
23
Suppose 3*x + 120 = 2*k - 2*x, 0 = -3*k - 3*x + 222. Calculate the highest common divisor of k and 14.
14
Suppose -4 - 2 = 3*n. Let s be (0 - -27) + 6/n. Suppose -3*j - s = -6*j. What is the highest common divisor of 40 and j?
8
Let k(h) = h + 10. Let d be k(-7). Let y be -3 + d/(9/201). What is the highest common factor of y and 8?
8
Let d be 0 - (-1 + -9 + 0). Suppose j - 40 = -d. Calculate the highest common divisor of j and 75.
15
Suppose q - 6 - 5 = -t, -q + 19 = 5*t. Calculate the greatest common divisor of 171 and q.
9
Let o(s) = -3*s**2 + 0*s**2 - 3 + 0*s**2 - s + s**2 + s**3. Let w be o(3). What is the highest common factor of 12 and w?
3
Let p be (-3)/(6/(-14)) + -2. Suppose p*q + 2*m - 254 = 0, -q - 6*m + 2*m = -40. What is the greatest common divisor of q and 13?
13
Suppose -40 = -3*i + i - 4*a, 0 = 3*i + 5*a - 59. Suppose -2*n + 0*n = 3*h - 442, 293 = 2*h + n. Calculate the greatest common divisor of i and h.
18
Let q = 11 - 6. Suppose -2*o + 61 = -q. Let l(m) = -4*m - 5. Let d be l(-4). Calculate the greatest common factor of o and d.
11
Let g(p) = -6*p - 2. Let m be g(-3). Suppose -m = -2*c - 2. What is the greatest common factor of 77 and c?
7
Let i = 3 - 5. Let w be ((3 - 2) + i)/1. Let r be -2 - (2*w + -50). What is the highest common divisor of 10 and r?
10
Let f(s) = s**3 + 9*s**2 + 14*s - 6. Let v be f(-7). Let x be (0 - 0) + (-6)/v. Suppose 2*p - 5 = 9. Calculate the highest common divisor of p and x.
1
Suppose 272 = 4*r - 4*d, -292 = -4*r + 4*d - 5*d. Let x be 34/8 + 3/(-12). Suppose x*a = 5*a - 12. What is the greatest common factor of r and a?
12
Let w(b) = 43*b + 7. Let f be w(3). Calculate the greatest common factor of 17 and f.
17
Let c be -7 + (-3 + 3 - -3). Let b = c + 8. What is the highest common factor of 8 and b?
4
Let h = -36 + 78. Calculate the greatest common factor of h and 6.
6
Let w be (-9)/6*(-8 + 0). What is the greatest common factor of w and 12?
12
Let q be 256/(-24) + (-1)/3. Let r = q + 7. Let h be 19 - r/((-4)/3). What is the highest common factor of h and 8?
8
Suppose 5*d + 0*d + 4*u + 34 = 0, 5*u + 35 = -5*d. Let f be (-1 - -1) + d + 3. Let m = 13 + f. What is the highest common factor of m and 5?
5
Let d = 15 + -11. Let r be (-2)/4 - (-6)/d. Let m = r + 12. Calculate the greatest common factor of m and 143.
13
Suppose 170 + 155 = -5*u. Let d = u + 100. Calculate the highest common divisor of 7 and d.
7
Let k be -10 - (0 + (3 - 2)). Let f = 32 - k. Suppose 0 = 2*q - f - 47. Calculate the highest common factor of q and 15.
15
Suppose 0 = -5*o + 4*i - 2, -5*o = i - 4 - 9. Let r be (11/22)/(o/24). Calculate the highest common factor of 42 and r.
6
Let r = -34 + 52. What is the greatest common factor of 90 and r?
18
Let n be (11/(-2))/((-2)/152). Let z be 4/14 - n/(-7). What is the highest common divisor of 24 and z?
12
Let s(i) = -i**3 + 13*i**2 + 17*i - 16. Let d be s(14). What is the greatest common divisor of d and 143?
13
Let h be 2/(4/10) - 2. Suppose -c + 4*c + 21 = h*f, 0 = -5*f - 4*c - 1. Calculate the greatest common factor of f and 1.
1
Let u = -42 + 78. Suppose -12 = -3*j + 4*m + 80, -4*j = -3*m - 111. What is the highest common factor of j and u?
12
Suppose 2*g = 125 - 9. Let f = g - 12. What is the highest common divisor of f and 23?
23
Suppose 3*t - 4 - 47 = 0. Suppose -2*o + 25 = -t. Calculate the highest common divisor of 147 and o.
21
Let r = -15 + 51. What is the greatest common factor of r and 12?
12
Suppose 0*u - 5*u = -100. Suppose -6 = -3*d, -3*d - 10 - u = -4*y. Calculate the greatest common divisor of 18 and y.
9
Suppose 5 = -5*h - 5. Let q be 5/h + 2/(-4). Let o be (-6 - q)/(3/(-20)). What is the greatest common factor of 100 and o?
20
Let q(d) = d + 29. Let o be q(0). Let b = o + -13. Let u = b + -5. Calculate the greatest common divisor of u and 1.
1
Let o = -22 - -14. Let t be (-1 - 14)*o/10. Calculate the greatest common factor of t and 4.
4
Let c = 3 - 1. Let g(u) be the first derivative of u**4/2 - 2*u**3/3 + 2*u - 2. Let f be g(2). Calculate the highest common divisor of c and f.
2
Let w = -70 + 76. Calculate the greatest common factor of 3 and w.
3
Suppose -r + 155 = 35. Suppose v = 5*v - r. Calculate the greatest common factor of 20 and v.
10
Let r be (-6)/27 - 130/(-18). Suppose 3*c = r*c. Let a be (-2)/2*(c + -1). What is the highest common divisor of a and 2?
1
Suppose 11*s = 1 + 21. Calculate the highest common factor of 14 and s.
2
Suppose 8*z - 170 = 3*z. Let s be 6/21 - (-468)/28. Calculate the greatest common factor of s and z.
17
Suppose -7*b = -3*b, 4*i + 3*b = 272. Calculate the greatest common factor of 170 and i.
34
Suppose -130 = -8*k - 34. Let x(h) = 85*h**2 - h. Let m be x(1). What is the highest common divisor of m and k?
12
Suppose -o + 28 = 5*r, 0*r - 27 = -4*o - 3*r. Let u be 9/((2 - 0)/2). What is the highest common factor of u and o?
3
Let r(v) = v**2 - 6*v - 5. Let n be r(8). Let c(o) = -62*o - 3. Let s be c(-2). What is the highest common divisor of s and n?
11
Suppose 6 = -3*s, -2*a + 4*a + 3*s = 50. What is the highest common divisor of a and 7?
7
Suppose -5*m + 41 = 2*q, 8*m - 33 = -q + 3*m. Let y be 1/(2/q)*3. Suppose -11 = o - 41. Calculate the highest common factor of y and o.
6
Let q be -3 + (-1 - 1)/(-2). Let f be (-750)/(-21) + q/(-7). Suppose t + f = 4*t. What is the highest common factor of 12 and t?
12
Let q = 0 + -50. Let v = 54 - q. Calculate the greatest common divisor of v and 13.
13
Suppose 4*x = 7*x - 72. Calculate the greatest common divisor of x and 60.
12
Let v = -311 - -494. Suppose -5*n = -2*a - v, 0*n - n = -3*a - 47. Calculate the greatest common divisor of n and 14.
7
Suppose -x = 2 - 10. Suppose -3*v - 3*u + 80 - x = 0, 5*v - 120 = u. Suppose 4*d + 4 = v. What is the greatest common factor of 5 and d?
5
Let r = 4 + -2. Suppose -r*w = -7*w - 10. Let q(n) = 4*n**2 + 4*n + 3. Let k be q(w). What is the greatest common factor of 11 and k?
11
Suppose 3*l - 106 = 5*h, 2*l + 4*h - 115 = -3*l. Let j = -178 - -313. What is the highest common factor of j and l?
27
Let d be -6*(-5)/25*(-20)/(-6). Calculate the greatest common divisor of 44 and d.
4
Let v(b) = -b**3 - 3*b**2 - 2*b + 2. Let p be v(-3). Calculate the greatest common divisor of p and 2.
2
Let s be 8/(-28) - 72/(-7). Suppose s = 2*d - 10. Let v be 3 + -5 + 53 + -1. Calculate the greatest common divisor of d and v.
10
Let m(q) = 36*q**3 + q**2 - 2*q + 1. Let a be m(1). Calculate the greatest common divisor of a and 90.
18
Let p be (6 + -2)/(2/4). Suppose -6*n - 22 = -p*n. Calculate the highest common divisor of 121 and n.
11
Suppose 0 = -6*c + 3*c + 363. Calculate the greatest common divisor of 11 and c.
11
Let r = 55 - -33. Suppose -80*v + 77*v = -33. What is the highest common factor of v and r?
11
Suppose -4*s + 24 = -s. Let v be 9/6*s/6. Suppose 2*c + t = 52, 4*c + v*t - 106 = -t. What is the greatest common divisor of 10 and c?
5
Let f(h) = 2*h**2 - 7*h - 2. Let u be f(6). Calculate the highest common divisor of 70 and u.
14
Let u(v) = -7*v + 23. Let o be u(-15). Calculate the greatest common divisor of 32 and o.
32
Suppose -4*a + p = 3*p + 120, 4*a - 4*p + 132 = 0. Let c = -22 - a. What is the greatest common divisor of c and 45?
9
Let t = 130 + -91. What is the highest common divisor of 273 and t?
39
Suppose -5*l + 418 = n - 4*l, 0 = 4*n - 3*l - 1672. What is the highest common factor of 38 and n?
38
Let y(a) = -2*a**2 + 18*a - 4. Let l be y(7). Calculate the highest common divisor of l and